 7*r**2 + 0 - 68*r. Determine x(-9).
-25
Let y(f) = 10*f**2 - 9*f + 12. Let c(h) = 7*h**2 - 6*h + 8. Let o(u) = 7*c(u) - 5*y(u). Let i be 15/25 - (-9)/(-15). Suppose i*r - 12 = -3*r. What is o(r)?
-8
Let q(t) = 5*t**3 + 4*t**2 + 6*t - 6*t**3 - 15 + 12 + 0*t**3. Suppose -16 = 3*d + 4*w, 0 = 2*d - 3*w + 2*w + 7. Let h be d*(-2)/8*5. Calculate q(h).
2
Let l(p) = 4*p**2 - 4*p + 6. Let h be l(-3). Suppose 0 = -2*a - 4*a + h. Let u(c) = -c + 19. Calculate u(a).
10
Let b be -3 + ((-28)/(-16))/((-2)/(-8)). Let z be (2/b)/(1/10). Let d(p) = -p**3 + 5*p**2 + 2*p - 6. Give d(z).
4
Let l(n) = 6*n**2 + 5*n - 8. Let k(w) = 5*w**2 + 5*w - 7. Let i(s) = 7*k(s) - 6*l(s). Calculate i(5).
-1
Let d(f) = -7*f + 7. Let o(y) = -y + 50. Let x be o(45). Determine d(x).
-28
Suppose -9 = -q - 3*f, 2*q + 13*f - 14 = 8*f. Let t(b) be the third derivative of -2/3*b**3 + 0*b - 1/24*b**4 - b**2 + 0. What is t(q)?
-1
Let b(i) = -4*i**2 - 2*i - 1. Suppose -5*v = 0, -3*z + z - 30 = 2*v. Let m be (20/(-25))/(6/z). Suppose 2*r + m*r = s + 10, -2*s - 3*r + 2 = 0. Give b(s).
-13
Let t(q) = -2*q**3 + 2*q + 2*q + q**3 + 3 + 2*q**3 - 7*q**2. Calculate t(4).
-29
Suppose -y - 29 = 5*a - 18, 0 = -y + 5*a + 19. Let s(g) = -g - 2. Let c(x) = x. Let l(d) = 6*c(d) + 2*s(d). Determine l(y).
12
Suppose -2*f + 97 = 45. Let d(u) = u**3 + 4*u + 1 - 19*u**2 + 1 - 4*u**2 + f*u**2. What is d(-2)?
-2
Let r(y) = -3*y + 3. Let a be ((-810)/20)/9 - (-2)/4. Calculate r(a).
15
Let j(b) = -b**3 - 5*b**2 + 3*b - 3. Let s = 369 - 375. Calculate j(s).
15
Suppose 0 = -21*o + o + 6000. Let r(k) = 2*k - 3*k + o - 153 - 146. Calculate r(3).
-2
Let o(p) = 3*p**3 + 3*p**2 + 2*p + 3. Let t = 148 + -150. Give o(t).
-13
Let h be 2/(-10) + (-1610)/(-175). Let l(x) = x - 3. Calculate l(h).
6
Suppose 5*q = 3*v + 14, 0*v + 5 = 2*q - v. Suppose d = 13 + q. Suppose 5*m + d = -11. Let r(u) = -u**2 - 6*u. Determine r(m).
5
Let c(p) be the third derivative of p**5/60 - p**4/24 - p**3/6 + 4*p**2. Let y(z) = 4*z**2 - z - 8. Let o(j) = 3*c(j) - y(j). Determine o(-4).
-3
Suppose 190*u - 147*u + 172 = 0. Let i(p) = 7*p - 7. What is i(u)?
-35
Let f(x) be the first derivative of -x**2 + 37*x - 173. What is f(0)?
37
Let w = 32 - 57. Let i be (30/w)/((-3)/(-15)). Let x(u) be the second derivative of u**3/3 + 4*u**2 - 2*u. Give x(i).
-4
Suppose -9*w = 28 + 773. Let g = w + 88. Let b(t) = -12*t - 1. Give b(g).
11
Suppose 2*o - 3*o = -15. Let z(u) = -8*u - 9*u + 33*u - o*u. Determine z(0).
0
Let w(m) = m - 11. Let n be w(11). Suppose -4*o + 3 = -o, n = -3*j - 4*o - 20. Let s(k) = k**3 + 8*k**2 - k - 1. Give s(j).
7
Let r(m) = 2*m + 9. Suppose a + 4*a + 265 = 0. Let u = a - -47. Give r(u).
-3
Let x(h) = -2*h - 5. Suppose -11*l = 830 - 797. Determine x(l).
1
Let i(k) = k + 8. Suppose -5*h + 8 = -4*o, -o - 19 = 9*h - 6*h. What is i(o)?
1
Suppose 4*b + 4*l - 1 = -5, 0 = -3*b + 3*l + 15. Let v(j) = 4*j**2 - b*j + 2*j - 2*j**2 + j**3. Let s = 163 + -164. Determine v(s).
1
Let d(c) = 4*c**2 + c - 13. Let w(z) = 16*z**2 + 5*z - 52. Let q(p) = -9*d(p) + 2*w(p). Let f(h) be the first derivative of q(h). What is f(-1)?
9
Let z(q) be the second derivative of 4*q + 0 - 1/12*q**4 + 7/2*q**2 + 2/3*q**3. Give z(5).
2
Let b(n) be the third derivative of 0*n + 0 - 2*n**3 - 1/12*n**4 + 45*n**2. Calculate b(-5).
-2
Suppose -17*d + 4 = -15*d. Let o(k) = -6 - 16 + k + 24 - k**d. Calculate o(0).
2
Suppose -t + 77 - 83 = 0. Let r(c) = 5*c - 2. Calculate r(t).
-32
Suppose 3*h = 5*b - 7 - 92, -113 = -5*b - 4*h. Suppose 16*a = b*a. Let o(p) = -p**2 - 3. Determine o(a).
-3
Let n be (2 - 5) + 1 + 8. Suppose -74 = -4*h + 5*d, -5*d - 36 = -2*h - 3*d. Let q(m) = -5*m - 9 - 9*m + h*m. Determine q(n).
3
Suppose 3*d = -4*l - 17 + 137, -38 = -d - 2*l. Let s be (-3)/(-2)*d/(-6). Let r(c) = -c - 9. Determine r(s).
2
Let h(i) = -2*i**2 - i + 2. Suppose 3*m + p - 11 = -1, 2*m + 5*p = 24. Let d be -3 + -2 + -3 + m. Let o be (d/4)/(-3)*4. What is h(o)?
-8
Let w(x) be the first derivative of x**4/12 - x**3/3 + 23*x**2 + 41. Let q(i) be the second derivative of w(i). What is q(2)?
2
Let c = 20 - 5. Let s be 43/c + 2/15. Suppose 0 = -s*m - m + 16. Let j(x) = x**2 - 4*x - 1. Calculate j(m).
-1
Let j(i) = -i**3 - 3*i**2 + 4*i + 4. Suppose -10*t + 6*t = -8. Let r be -5 + -1 + 0 + t. Determine j(r).
4
Suppose 0 = 3*u - 5*o - 44, o + 42 = 4*u - 28. Let l(z) = -19*z - u*z + 27*z - 1. Calculate l(-1).
9
Let l(w) be the second derivative of w**4/12 - 3*w**3/2 + 17*w**2/2 + 52*w. Calculate l(5).
-3
Let r(y) be the second derivative of -y**5/20 + 5*y**4/12 - 2*y**3/3 + y. Suppose -4*x + 5*v + 104 = -0*v, -2*x + 50 = -2*v. Let l = x - 18. Calculate r(l).
6
Suppose 0 = -4*y + y - 5*p - 24, 3*p = 0. Let v be 48/y - (1 - 2 - 0). Let q(k) = -4*k - 7. Calculate q(v).
13
Let a(q) be the third derivative of -q**6/120 - q**5/60 + q**3 - 3*q**2. Let d(o) = -o**2 + 10*o - 16. Let w be d(8). What is a(w)?
6
Suppose -2*b + 0 + 8 = 0. Suppose 0 = -5*k + 1 + 9, -3*n - b = -5*k. Let v(x) = 6*x - 9*x + 0 + 1. Determine v(n).
-5
Let r(q) = q + 1. Suppose 4*s + 6 = 30. Let l(z) = -6*z**2 - 2*z**3 - 3 + 7 + 3*z**3 + 0*z**3. Let g be l(s). Determine r(g).
5
Let n = -9 - -10. Let l be n - (1 - 2)/(3/(-30)). Let g(f) = f**3 + 10*f**2 + 10*f + 3. Calculate g(l).
-6
Let n(l) be the third derivative of l**5/12 - l**4/8 + l**3/6 + 22*l**2. Let u(y) = y**2 + 1. Let j(r) = -n(r) + 3*u(r). Give j(3).
-7
Let r(w) = 10*w - 22. Let s(z) = 2*z - 1. Let n(x) = r(x) - 6*s(x). Determine n(-5).
-6
Let q(h) be the second derivative of -h**5/20 - 7*h**4/12 - 4*h**3/3 - 9*h**2/2 + h - 4. Determine q(-6).
3
Let h = 11 + -1. Let z(c) = 19*c - 12*c - h*c - 3. Let o(l) = -2*l - 4. Let x(s) = 2*o(s) - 3*z(s). Determine x(1).
6
Let u(r) = r**3 - 2*r**2 - 2*r + 11. Let l be u(0). Let f(k) = -8*k - 6*k - 1 + l*k**2 + 14*k. What is f(-1)?
10
Let u(m) = -21*m + 1. Let c = -118 - -104. Let y(n) = -2*n - 27. Let i be y(c). Determine u(i).
-20
Let p(b) be the second derivative of -1/12*b**5 + 0 + 0*b**4 - b + 11/2*b**2 + 1/3*b**3. Let u(i) be the first derivative of p(i). Determine u(2).
-18
Let m(r) = 3*r**2 - 22*r - 50. Let p(n) be the first derivative of n**3/3 - 7*n**2/2 - 17*n - 24. Let l(y) = 3*m(y) - 8*p(y). Give l(11).
-3
Let i(b) = -2*b**3 + 22*b**2 - 18*b - 23. Let j be i(10). Let g(k) = k**2 - k - 1. What is g(j)?
11
Let w be (-3)/(6/(-8)) + -1. Let m(d) be the first derivative of -3*d**2/2 - 2*d + 3. Determine m(w).
-11
Let g(f) = -9*f - 9 + 2 + 19 - f**2. What is g(-9)?
12
Let i be 1 + (-6)/(-3) + -1. Let f(m) = m**3 + m**2 + 4*m**i - m + m**2 - 1. Let d(j) = -5*j**2 - 15*j - 6. Let y be d(-3). Calculate f(y).
5
Let f(r) = 2*r + 2. Suppose 2*y - 28 = 6*y. Let s = -14 - y. Let u(j) = -j**3 - 6*j**2 + 8*j + 2. Let n be u(s). Determine f(n).
-8
Let c(r) = 9*r**2 + r**3 + 9*r**2 - 21*r**2 + 3 + 5*r**2. Let d(t) = 4*t**3 + 8*t**2 + 12. Let b(i) = -9*c(i) + 2*d(i). Give b(-3).
6
Let c(h) = 10*h. Suppose 3*w - 5 = -2. Let t(j) be the first derivative of -j - 5. Let a(k) = w*c(k) - t(k). What is a(-1)?
-9
Let q(t) = -t**2 + 10*t + 4. Let y = -743 + 753. What is q(y)?
4
Suppose -n - 2*n - 6 = 0. Let v = -6 - n. Let p(x) = -4*x**2 + 18*x - 7. Let y(u) = -5*u**2 + 26*u - 8. Let k(i) = 4*p(i) - 3*y(i). Calculate k(v).
4
Let b be 4*(-2)/(-12) + 58/(-87). Let z(y) be the first derivative of -y + 8/3*y**3 + 5 + b*y**2. Determine z(1).
7
Let r(b) be the second derivative of b**4/12 + 2*b**3/3 + 3*b**2 - 21*b. Determine r(-4).
6
Let h(l) = 3*l + 1. Let t = -300 - -303. Give h(t).
10
Let w(u) = -21*u + 9. Let g(m) = -41*m + 20. Let q(j) = 4*g(j) - 9*w(j). Determine q(1).
24
Let z(f) = -f**2 - 9*f - 14. Let c(a) = -5*a + 2. Let w be c(2). Determine z(w).
-6
Let f(i) = i**3 - 7*i**2 - 8*i - 9. Suppose -3*z + 2*r + 8 = -2*z, 2*z - 5*r - 19 = 0. Suppose 3*v = 9, -3*u + v = z*u - 37. What is f(u)?
-9
Let w(z) = 382*z**2 + 10 - 384*z**2 - 6 - 7*z. Let r(a) = a + 2. Let n be r(-8). What is w(n)?
-26
Let s(a) = -2181 + 2181 - 30*a**2 + a. Calculate s(1).
-29
Let u(b) = 183 + b**2 - 189 - 2*b**2 + 7*b. Let n be (0 + 1)*(3 + 2). What is u(n)?
4
Let r be ((-15)/10)/(15/(-20)). Let m(x) = -24*x**2 + 14*x**r + 9*x**2 + 10*x. Determine m(10).
0
Let o(q) = 9*q**2 - 3*q - 2. Let h be o(-1). Let m be (-8)/(-5) + 4/h. Let v(w) = -w**m + w**2 + 3 + w**2 + 6*w. Wha